14). Let t(o) = -3*o**3 - 2*o**2. Let p be 20/(-6) - (-1)/3. Let j be t(p). What is the greatest common factor of y and j?
7
Suppose -8*f + a = -4*f + 14, 2*f + 5*a = -18. Let h be (-72)/(-27)*(-45)/f. Calculate the highest common factor of h and 6.
6
Let b(l) = l**3 - 4*l**2 + 5*l - 3. Let t be b(4). Calculate the greatest common factor of 68 and t.
17
Let z be 8/28 - (-80)/14. Suppose 108 = z*o - 3*o. Calculate the greatest common factor of o and 4.
4
Suppose -5*l + 96 = -279. What is the highest common divisor of 15 and l?
15
Suppose 3*s - 70 = -5*h, -3*h + 10 = -h. Calculate the greatest common divisor of 3 and s.
3
Let s be 2/(1 - (-10)/(-11)). Suppose -r + l + s = -7, l - 55 = -2*r. What is the highest common factor of r and 70?
14
Suppose 0 = 2*g - 2*p + 4*p - 388, 0 = -2*p - 2. Let k = -6 + 3. Let l be ((-4)/10)/(k/g). What is the highest common factor of 65 and l?
13
Suppose -2*t + 2*f + 542 = 0, 0 = 4*t - 0*f - 3*f - 1088. What is the greatest common factor of 25 and t?
25
Let v(f) = 8*f - 15. Let q be v(12). Suppose 0 = 3*d - 206 - 169. Let n = d - q. What is the highest common factor of n and 11?
11
Let d(y) = y**3 + 15*y**2 - 21*y - 35. Let s be d(-16). Calculate the greatest common factor of s and 18.
9
Let h = -154 - -226. What is the greatest common divisor of 12 and h?
12
Suppose 6*j - j = 5. Calculate the highest common divisor of 5 and j.
1
Suppose -k = -4*w - 56, -k + w = 3*k - 209. What is the highest common divisor of 13 and k?
13
Let a = 6 - 8. Let s be 2/4 + (-7)/a. Let x = 35 - 19. What is the greatest common factor of x and s?
4
Let y be ((-1 - -1)*-1)/(-2). Suppose -q - 3*j = q - 133, y = -5*q + 4*j + 321. Let i = 33 - 20. What is the greatest common factor of q and i?
13
Let u = 23 - -10. Let d be 2*(0 - (-22)/4). Calculate the greatest common divisor of u and d.
11
Let b be 172/(((-4)/(-3))/(-2)). Let p be 2 - 1 - b/6. Suppose -8*z + 4*z = -p. Calculate the highest common divisor of z and 1.
1
Let g be -2 + 1 - 4*-1. Let i be 98/g + (-1)/(-3). Calculate the greatest common divisor of i and 3.
3
Suppose -o + 5*h + 308 = 0, o - 5*o - h = -1253. Let r = -193 + o. Suppose -62 = -3*t - 3*k - 14, k = 1. What is the highest common divisor of r and t?
15
Suppose 2*h = 22 + 18. Let f(z) = -2*z + 1. Let r be f(-3). Suppose -2*x = -1 - r. What is the greatest common factor of h and x?
4
Suppose j - 5*i - 7 = 0, -3*j - 3*i - 25 = -10. Let g be j*(13/(-3) + 3). Calculate the greatest common factor of 6 and g.
2
Let a = 3 - 2. Suppose 9 = 4*c + a. Suppose c = -z + 3. Calculate the highest common factor of 9 and z.
1
Suppose -b + 3*x + 21 = 0, -3*x = -x + 8. Let c(u) = -11*u - 25. Let g be c(-8). Let a = g - b. Calculate the greatest common divisor of a and 6.
6
Let z be 276/76*3 + (-6)/(-57). Let p = -130 + 207. Calculate the greatest common divisor of p and z.
11
Let l be 6/(-9) + 2 - 140/(-3). What is the highest common divisor of 24 and l?
24
Suppose 0 = 3*r + 2*z + 2*z + 25, -2*r + 2*z = 40. Let h be (r/(-21))/(1/7). What is the highest common divisor of 35 and h?
5
Let w = -567 + 1095. Suppose 60 = -4*s + w. What is the highest common divisor of 13 and s?
13
Suppose 2*z + 3*z = 680. Suppose -3*o + 383 = -z. Suppose 3*w - w = 5*k - o, 3*k + 2*w = 107. What is the greatest common factor of 7 and k?
7
Let w(g) = -2*g - 12. Suppose 0 = 4*q + 18 + 22. Let t be w(q). Let j = t - 4. What is the highest common divisor of j and 6?
2
Suppose t + 315 = 6*t. Let p = -11 - -39. Let j be p/(-2)*(-3)/6. Calculate the highest common factor of t and j.
7
Let x(s) = -2*s - 10. Let l be x(-7). Let n be (l/(-10))/((-2)/50). Let p = n + -7. Calculate the highest common divisor of 3 and p.
3
Let f(q) = q**2 - 13*q - 52. Let j be f(19). What is the greatest common divisor of j and 31?
31
Let l be 4*1 - ((-534)/6)/1. Calculate the greatest common factor of l and 124.
31
Let o(s) = 2*s**2 + 13*s - 13. Let l be o(-10). What is the highest common divisor of l and 19?
19
Let k = -36 - -64. Let a be (-2)/8 - (-169)/4. Let o = k + a. What is the greatest common factor of 10 and o?
10
Let r be (-11)/55 - 11/(-5). What is the highest common divisor of r and 3?
1
Let f be (4/5)/((-2)/(-15)). Calculate the greatest common factor of 42 and f.
6
Suppose 23 = 2*u + 1. What is the highest common factor of 11 and u?
11
Suppose 4*i - 4*r - 8 = 0, 4*i + r + 3*r = 16. What is the greatest common divisor of i and 1?
1
Let w = 150 - -225. Calculate the greatest common factor of 15 and w.
15
Suppose d - 25 = -2*y, -3*d - 65 = -5*y - 6*d. Let a = 22 - y. Let s be (-212)/(-12) - 2/(-6). What is the highest common divisor of a and s?
6
Let i = 2 + 0. Let w be (2 - 1)/(i/64). Let x = w - -18. What is the greatest common factor of x and 20?
10
Let g(s) = 2*s + 3. Let u be g(-2). Let t be u/(2 - (-141)/(-69)). What is the highest common divisor of t and 161?
23
Let j(n) = -n**2 + 6*n + 8. Let l be j(6). Calculate the highest common factor of l and 88.
8
Let g(p) = -6*p - 39. Let a be g(-9). What is the greatest common divisor of 10 and a?
5
Suppose 4*f = -2*g + 168, -2*f - 100 = -2*g + 80. Suppose 10*w - g = 6*w. What is the greatest common divisor of 55 and w?
11
Let z(l) = -l**2 - 13*l - 16. Let o be z(-8). Calculate the highest common divisor of 36 and o.
12
Let r = 52 + -74. Let n = 34 + r. Let f be 1*-1*2*-6. Calculate the greatest common factor of f and n.
12
Suppose 5*r = 14 + 11. Suppose -r*s + 99 = -2*s. Let f(a) = -a**3 - 2*a**2 - 3*a + 4. Let g be f(-3). Calculate the highest common factor of s and g.
11
Let p(z) = -3 + 3*z**3 + 5*z**2 + 0 - 2*z**3 - 7*z. Let w be p(-6). What is the highest common divisor of 1 and w?
1
Suppose -64*v - 16 = -65*v. What is the highest common divisor of v and 144?
16
Suppose -287 = -4*f + 4*i + 133, 0 = 5*i. Calculate the highest common divisor of f and 42.
21
Suppose -2 = -2*o + 6. What is the greatest common divisor of o and 16?
4
Let c = 86 + -56. Calculate the greatest common divisor of c and 30.
30
Suppose 4*f - 119 = -r, -r = 4*f - f - 89. Calculate the highest common factor of f and 75.
15
Let c(v) = -v**3 + 4*v**2 + 5*v + 2. Suppose -2*j + 5 = -5. Let a be c(j). Let o be (-58)/(-2) - a/2. What is the greatest common factor of 42 and o?
14
Let x = 11 + 16. What is the greatest common factor of x and 27?
27
Let j = 83 + -73. Calculate the highest common divisor of j and 10.
10
Let l = -2 + 13. Let f be (-12)/(-78) - (-22)/26. Calculate the greatest common factor of f and l.
1
Let v(r) = r**3 - 17*r**2 - 16*r - 14. Let s(d) = d**3 + 16*d**2 + 13*d - 12. Let z be s(-15). Let a be v(z). Calculate the highest common divisor of a and 242.
22
Let c(x) be the first derivative of -x**4/4 - 2*x**2 - 3*x + 1. Let r be c(-2). What is the greatest common factor of r and 91?
13
Let z be 18/(-2)*10/(-6). Suppose 3*p - 3*h = z, -p = p - 5*h - 19. Suppose j + j - 28 = 0. What is the greatest common factor of j and p?
2
Let f(h) = -5*h**3 - 1. Let b be f(1). Let p be (-51)/b*4*2. Suppose 5*t - 53 = 32. Calculate the highest common divisor of t and p.
17
Let c be (-51)/(-6)*(-6)/(-3). Let o = -93 - -146. Let j = o - c. Calculate the highest common divisor of j and 4.
4
Let w(a) = 7*a**2 - 2*a + 6 - 2*a**3 - 4 + 0*a**3 + 3*a**3. Let x be w(5). Let p = x - 182. Calculate the highest common divisor of p and 10.
10
Suppose 102 = 7*z - 5*z. Calculate the highest common divisor of 34 and z.
17
Suppose -4*k - 268 = -5*d, -4*d = 2*k - 158 - 72. Suppose 0 = 2*h - d - 34. Let y = -2 - -20. Calculate the greatest common factor of h and y.
9
Let d(t) = -3*t - 12. Let o(u) = -2*u - 6. Let q(l) = -3*d(l) + 5*o(l). Let j be q(2). What is the highest common factor of j and 8?
4
Suppose 13*b = 12*b - 6. Let n(y) = -10*y - 15. Let d be n(b). Calculate the greatest common factor of 30 and d.
15
Suppose -2*k = 5*m - 315, 4*k - 2*m - 666 = -0*m. Let g be 1 + (-1)/(-1) + 13. What is the highest common divisor of g and k?
15
Suppose -20 = -d + 5*d. Let w = 3 + d. Let i be (2 - 0)/w - -9. What is the greatest common divisor of i and 20?
4
Let o be 1*1*-6*-3. Calculate the highest common factor of o and 2.
2
Let n(j) = 2*j**2 - 5*j - 7. Let w be n(5). Calculate the highest common factor of w and 6.
6
Suppose -3*r = -4*o - 122, -3*o = 3*r + r - 171. Calculate the h